{"id":372,"date":"2021-05-03T14:07:08","date_gmt":"2021-05-03T12:07:08","guid":{"rendered":"https:\/\/oplaisirprovencal.fr\/boutique\/?post_type=product&#038;p=372"},"modified":"2024-03-14T00:22:01","modified_gmt":"2024-03-13T23:22:01","slug":"huile-dolive-37cl","status":"publish","type":"product","link":"https:\/\/oplaisirprovencal.fr\/boutique\/produit\/huile-dolive-37cl\/","title":{"rendered":"Huile d&rsquo;olive (37,5 cl)"},"content":{"rendered":"<p><strong>\u00ab\u00a0Les Oliviers de mon p\u00e8re\u00a0\u00bb<\/strong><br \/>\nHuile d&rsquo;Olive Vierge Extra (HOVE)<\/p>\n<p>Huile d&rsquo;olive proven\u00e7ale, familiale, raisonn\u00e9e<br \/>\nPremi\u00e8re pression \u00e0 froid<br \/>\nBouteille de 37,5 cl<\/p>\n","protected":false},"excerpt":{"rendered":"<p>\u00ab\u00a0Les Oliviers de mon p\u00e8re\u00a0\u00bb Huile d&rsquo;Olive Vierge Extra (HOVE) Huile d&rsquo;olive proven\u00e7ale, familiale, raisonn\u00e9e Premi\u00e8re pression \u00e0 froid Bouteille de 37,5 cl<\/p>\n","protected":false},"featured_media":488,"template":"","meta":{"ocean_post_layout":"full-width","ocean_both_sidebars_style":"","ocean_both_sidebars_content_width":0,"ocean_both_sidebars_sidebars_width":0,"ocean_sidebar":"0","ocean_second_sidebar":"0","ocean_disable_margins":"enable","ocean_add_body_class":"","ocean_shortcode_before_top_bar":"","ocean_shortcode_after_top_bar":"","ocean_shortcode_before_header":"","ocean_shortcode_after_header":"","ocean_has_shortcode":"","ocean_shortcode_after_title":"","ocean_shortcode_before_footer_widgets":"","ocean_shortcode_after_footer_widgets":"","ocean_shortcode_before_footer_bottom":"","ocean_shortcode_after_footer_bottom":"","ocean_display_top_bar":"default","ocean_display_header":"default","ocean_header_style":"","ocean_center_header_left_menu":"0","ocean_custom_header_template":"0","ocean_custom_logo":0,"ocean_custom_retina_logo":0,"ocean_custom_logo_max_width":0,"ocean_custom_logo_tablet_max_width":0,"ocean_custom_logo_mobile_max_width":0,"ocean_custom_logo_max_height":0,"ocean_custom_logo_tablet_max_height":0,"ocean_custom_logo_mobile_max_height":0,"ocean_header_custom_menu":"0","ocean_menu_typo_font_family":"0","ocean_menu_typo_font_subset":"","ocean_menu_typo_font_size":0,"ocean_menu_typo_font_size_tablet":0,"ocean_menu_typo_font_size_mobile":0,"ocean_menu_typo_font_size_unit":"px","ocean_menu_typo_font_weight":"","ocean_menu_typo_font_weight_tablet":"","ocean_menu_typo_font_weight_mobile":"","ocean_menu_typo_transform":"","ocean_menu_typo_transform_tablet":"","ocean_menu_typo_transform_mobile":"","ocean_menu_typo_line_height":0,"ocean_menu_typo_line_height_tablet":0,"ocean_menu_typo_line_height_mobile":0,"ocean_menu_typo_line_height_unit":"","ocean_menu_typo_spacing":0,"ocean_menu_typo_spacing_tablet":0,"ocean_menu_typo_spacing_mobile":0,"ocean_menu_typo_spacing_unit":"","ocean_menu_link_color":"","ocean_menu_link_color_hover":"","ocean_menu_link_color_active":"","ocean_menu_link_background":"","ocean_menu_link_hover_background":"","ocean_menu_link_active_background":"","ocean_menu_social_links_bg":"","ocean_menu_social_hover_links_bg":"","ocean_menu_social_links_color":"","ocean_menu_social_hover_links_color":"","ocean_disable_title":"on","ocean_disable_heading":"default","ocean_post_title":"","ocean_post_subheading":"","ocean_post_title_style":"","ocean_post_title_background_color":"","ocean_post_title_background":0,"ocean_post_title_bg_image_position":"","ocean_post_title_bg_image_attachment":"","ocean_post_title_bg_image_repeat":"","ocean_post_title_bg_image_size":"","ocean_post_title_height":0,"ocean_post_title_bg_overlay":0.5,"ocean_post_title_bg_overlay_color":"","ocean_disable_breadcrumbs":"default","ocean_breadcrumbs_color":"","ocean_breadcrumbs_separator_color":"","ocean_breadcrumbs_links_color":"","ocean_breadcrumbs_links_hover_color":"","ocean_display_footer_widgets":"default","ocean_display_footer_bottom":"default","ocean_custom_footer_template":"0"},"product_brand":[],"product_cat":[25,18],"product_tag":[],"class_list":{"0":"post-372","1":"product","2":"type-product","3":"status-publish","4":"has-post-thumbnail","6":"product_cat-huile-olive","7":"product_cat-saveurs","9":"entry","10":"has-media","12":"first","13":"instock","14":"shipping-taxable","15":"purchasable","16":"product-type-simple","17":"has-product-nav","18":"col","19":"span_1_of_3","20":"owp-content-center","21":"item-entry","22":"owp-thumbs-layout-horizontal","23":"owp-btn-normal","24":"owp-tabs-layout-horizontal"},"yoast_head":"<!-- This site is optimized with the Yoast SEO plugin v25.5 - https:\/\/yoast.com\/wordpress\/plugins\/seo\/ -->\n<title>Huile d&#039;olive (37,5 cl) - O&#039;Plaisir Proven\u00e7al<\/title>\n<meta name=\"robots\" content=\"index, follow, max-snippet:-1, max-image-preview:large, max-video-preview:-1\" \/>\n<link rel=\"canonical\" href=\"https:\/\/oplaisirprovencal.fr\/boutique\/produit\/huile-dolive-37cl\/\" \/>\n<meta property=\"og:locale\" content=\"fr_FR\" \/>\n<meta property=\"og:type\" content=\"article\" \/>\n<meta property=\"og:title\" content=\"Huile d&#039;olive (37,5 cl) - O&#039;Plaisir Proven\u00e7al\" \/>\n<meta property=\"og:description\" content=\"\u00ab\u00a0Les Oliviers de mon p\u00e8re\u00a0\u00bb Huile d&rsquo;Olive Vierge Extra (HOVE) Huile d&rsquo;olive proven\u00e7ale, familiale, raisonn\u00e9e Premi\u00e8re pression \u00e0 froid Bouteille de 37,5 cl\" \/>\n<meta property=\"og:url\" content=\"https:\/\/oplaisirprovencal.fr\/boutique\/produit\/huile-dolive-37cl\/\" \/>\n<meta property=\"og:site_name\" content=\"O&#039;Plaisir Proven\u00e7al\" \/>\n<meta property=\"article:modified_time\" content=\"2024-03-13T23:22:01+00:00\" \/>\n<meta property=\"og:image\" content=\"https:\/\/oplaisirprovencal.fr\/boutique\/wp-content\/uploads\/2021\/05\/bouteille-petite-600.png\" \/>\n\t<meta property=\"og:image:width\" content=\"600\" \/>\n\t<meta property=\"og:image:height\" content=\"600\" \/>\n\t<meta property=\"og:image:type\" content=\"image\/png\" \/>\n<meta name=\"twitter:card\" content=\"summary_large_image\" \/>\n<script type=\"application\/ld+json\" class=\"yoast-schema-graph\">{\"@context\":\"https:\/\/schema.org\",\"@graph\":[{\"@type\":\"WebPage\",\"@id\":\"https:\/\/oplaisirprovencal.fr\/boutique\/produit\/huile-dolive-37cl\/\",\"url\":\"https:\/\/oplaisirprovencal.fr\/boutique\/produit\/huile-dolive-37cl\/\",\"name\":\"Huile d'olive (37,5 cl) - O&#039;Plaisir Proven\u00e7al\",\"isPartOf\":{\"@id\":\"https:\/\/oplaisirprovencal.fr\/boutique\/#website\"},\"primaryImageOfPage\":{\"@id\":\"https:\/\/oplaisirprovencal.fr\/boutique\/produit\/huile-dolive-37cl\/#primaryimage\"},\"image\":{\"@id\":\"https:\/\/oplaisirprovencal.fr\/boutique\/produit\/huile-dolive-37cl\/#primaryimage\"},\"thumbnailUrl\":\"https:\/\/oplaisirprovencal.fr\/boutique\/wp-content\/uploads\/2021\/05\/bouteille-petite-600.png\",\"datePublished\":\"2021-05-03T12:07:08+00:00\",\"dateModified\":\"2024-03-13T23:22:01+00:00\",\"breadcrumb\":{\"@id\":\"https:\/\/oplaisirprovencal.fr\/boutique\/produit\/huile-dolive-37cl\/#breadcrumb\"},\"inLanguage\":\"fr-FR\",\"potentialAction\":[{\"@type\":\"ReadAction\",\"target\":[\"https:\/\/oplaisirprovencal.fr\/boutique\/produit\/huile-dolive-37cl\/\"]}]},{\"@type\":\"ImageObject\",\"inLanguage\":\"fr-FR\",\"@id\":\"https:\/\/oplaisirprovencal.fr\/boutique\/produit\/huile-dolive-37cl\/#primaryimage\",\"url\":\"https:\/\/oplaisirprovencal.fr\/boutique\/wp-content\/uploads\/2021\/05\/bouteille-petite-600.png\",\"contentUrl\":\"https:\/\/oplaisirprovencal.fr\/boutique\/wp-content\/uploads\/2021\/05\/bouteille-petite-600.png\",\"width\":600,\"height\":600},{\"@type\":\"BreadcrumbList\",\"@id\":\"https:\/\/oplaisirprovencal.fr\/boutique\/produit\/huile-dolive-37cl\/#breadcrumb\",\"itemListElement\":[{\"@type\":\"ListItem\",\"position\":1,\"name\":\"Accueil\",\"item\":\"https:\/\/oplaisirprovencal.fr\/boutique\/\"},{\"@type\":\"ListItem\",\"position\":2,\"name\":\"Tous les produits\",\"item\":\"https:\/\/oplaisirprovencal.fr\/boutique\/boutique\/\"},{\"@type\":\"ListItem\",\"position\":3,\"name\":\"Huile d&rsquo;olive (37,5 cl)\"}]},{\"@type\":\"WebSite\",\"@id\":\"https:\/\/oplaisirprovencal.fr\/boutique\/#website\",\"url\":\"https:\/\/oplaisirprovencal.fr\/boutique\/\",\"name\":\"O&#039;Plaisir Proven\u00e7al\",\"description\":\"Une gamme de produits authentiques issus du terroir proven\u00e7al\",\"publisher\":{\"@id\":\"https:\/\/oplaisirprovencal.fr\/boutique\/#organization\"},\"potentialAction\":[{\"@type\":\"SearchAction\",\"target\":{\"@type\":\"EntryPoint\",\"urlTemplate\":\"https:\/\/oplaisirprovencal.fr\/boutique\/?s={search_term_string}\"},\"query-input\":{\"@type\":\"PropertyValueSpecification\",\"valueRequired\":true,\"valueName\":\"search_term_string\"}}],\"inLanguage\":\"fr-FR\"},{\"@type\":\"Organization\",\"@id\":\"https:\/\/oplaisirprovencal.fr\/boutique\/#organization\",\"name\":\"O&#039;Plaisir Proven\u00e7al\",\"url\":\"https:\/\/oplaisirprovencal.fr\/boutique\/\",\"logo\":{\"@type\":\"ImageObject\",\"inLanguage\":\"fr-FR\",\"@id\":\"https:\/\/oplaisirprovencal.fr\/boutique\/#\/schema\/logo\/image\/\",\"url\":\"https:\/\/oplaisirprovencal.fr\/boutique\/wp-content\/uploads\/2021\/04\/logo-pp-couleur-fonce-transp.png\",\"contentUrl\":\"https:\/\/oplaisirprovencal.fr\/boutique\/wp-content\/uploads\/2021\/04\/logo-pp-couleur-fonce-transp.png\",\"width\":600,\"height\":288,\"caption\":\"O&#039;Plaisir Proven\u00e7al\"},\"image\":{\"@id\":\"https:\/\/oplaisirprovencal.fr\/boutique\/#\/schema\/logo\/image\/\"}}]}<\/script>\n<!-- \/ Yoast SEO plugin. -->","yoast_head_json":{"title":"Huile d'olive (37,5 cl) - O&#039;Plaisir Proven\u00e7al","robots":{"index":"index","follow":"follow","max-snippet":"max-snippet:-1","max-image-preview":"max-image-preview:large","max-video-preview":"max-video-preview:-1"},"canonical":"https:\/\/oplaisirprovencal.fr\/boutique\/produit\/huile-dolive-37cl\/","og_locale":"fr_FR","og_type":"article","og_title":"Huile d'olive (37,5 cl) - O&#039;Plaisir Proven\u00e7al","og_description":"\u00ab\u00a0Les Oliviers de mon p\u00e8re\u00a0\u00bb Huile d&rsquo;Olive Vierge Extra (HOVE) Huile d&rsquo;olive proven\u00e7ale, familiale, raisonn\u00e9e Premi\u00e8re pression \u00e0 froid Bouteille de 37,5 cl","og_url":"https:\/\/oplaisirprovencal.fr\/boutique\/produit\/huile-dolive-37cl\/","og_site_name":"O&#039;Plaisir Proven\u00e7al","article_modified_time":"2024-03-13T23:22:01+00:00","og_image":[{"width":600,"height":600,"url":"https:\/\/oplaisirprovencal.fr\/boutique\/wp-content\/uploads\/2021\/05\/bouteille-petite-600.png","type":"image\/png"}],"twitter_card":"summary_large_image","schema":{"@context":"https:\/\/schema.org","@graph":[{"@type":"WebPage","@id":"https:\/\/oplaisirprovencal.fr\/boutique\/produit\/huile-dolive-37cl\/","url":"https:\/\/oplaisirprovencal.fr\/boutique\/produit\/huile-dolive-37cl\/","name":"Huile d'olive (37,5 cl) - O&#039;Plaisir Proven\u00e7al","isPartOf":{"@id":"https:\/\/oplaisirprovencal.fr\/boutique\/#website"},"primaryImageOfPage":{"@id":"https:\/\/oplaisirprovencal.fr\/boutique\/produit\/huile-dolive-37cl\/#primaryimage"},"image":{"@id":"https:\/\/oplaisirprovencal.fr\/boutique\/produit\/huile-dolive-37cl\/#primaryimage"},"thumbnailUrl":"https:\/\/oplaisirprovencal.fr\/boutique\/wp-content\/uploads\/2021\/05\/bouteille-petite-600.png","datePublished":"2021-05-03T12:07:08+00:00","dateModified":"2024-03-13T23:22:01+00:00","breadcrumb":{"@id":"https:\/\/oplaisirprovencal.fr\/boutique\/produit\/huile-dolive-37cl\/#breadcrumb"},"inLanguage":"fr-FR","potentialAction":[{"@type":"ReadAction","target":["https:\/\/oplaisirprovencal.fr\/boutique\/produit\/huile-dolive-37cl\/"]}]},{"@type":"ImageObject","inLanguage":"fr-FR","@id":"https:\/\/oplaisirprovencal.fr\/boutique\/produit\/huile-dolive-37cl\/#primaryimage","url":"https:\/\/oplaisirprovencal.fr\/boutique\/wp-content\/uploads\/2021\/05\/bouteille-petite-600.png","contentUrl":"https:\/\/oplaisirprovencal.fr\/boutique\/wp-content\/uploads\/2021\/05\/bouteille-petite-600.png","width":600,"height":600},{"@type":"BreadcrumbList","@id":"https:\/\/oplaisirprovencal.fr\/boutique\/produit\/huile-dolive-37cl\/#breadcrumb","itemListElement":[{"@type":"ListItem","position":1,"name":"Accueil","item":"https:\/\/oplaisirprovencal.fr\/boutique\/"},{"@type":"ListItem","position":2,"name":"Tous les produits","item":"https:\/\/oplaisirprovencal.fr\/boutique\/boutique\/"},{"@type":"ListItem","position":3,"name":"Huile d&rsquo;olive (37,5 cl)"}]},{"@type":"WebSite","@id":"https:\/\/oplaisirprovencal.fr\/boutique\/#website","url":"https:\/\/oplaisirprovencal.fr\/boutique\/","name":"O&#039;Plaisir Proven\u00e7al","description":"Une gamme de produits authentiques issus du terroir proven\u00e7al","publisher":{"@id":"https:\/\/oplaisirprovencal.fr\/boutique\/#organization"},"potentialAction":[{"@type":"SearchAction","target":{"@type":"EntryPoint","urlTemplate":"https:\/\/oplaisirprovencal.fr\/boutique\/?s={search_term_string}"},"query-input":{"@type":"PropertyValueSpecification","valueRequired":true,"valueName":"search_term_string"}}],"inLanguage":"fr-FR"},{"@type":"Organization","@id":"https:\/\/oplaisirprovencal.fr\/boutique\/#organization","name":"O&#039;Plaisir Proven\u00e7al","url":"https:\/\/oplaisirprovencal.fr\/boutique\/","logo":{"@type":"ImageObject","inLanguage":"fr-FR","@id":"https:\/\/oplaisirprovencal.fr\/boutique\/#\/schema\/logo\/image\/","url":"https:\/\/oplaisirprovencal.fr\/boutique\/wp-content\/uploads\/2021\/04\/logo-pp-couleur-fonce-transp.png","contentUrl":"https:\/\/oplaisirprovencal.fr\/boutique\/wp-content\/uploads\/2021\/04\/logo-pp-couleur-fonce-transp.png","width":600,"height":288,"caption":"O&#039;Plaisir Proven\u00e7al"},"image":{"@id":"https:\/\/oplaisirprovencal.fr\/boutique\/#\/schema\/logo\/image\/"}}]}},"_links":{"self":[{"href":"https:\/\/oplaisirprovencal.fr\/boutique\/wp-json\/wp\/v2\/product\/372","targetHints":{"allow":["GET"]}}],"collection":[{"href":"https:\/\/oplaisirprovencal.fr\/boutique\/wp-json\/wp\/v2\/product"}],"about":[{"href":"https:\/\/oplaisirprovencal.fr\/boutique\/wp-json\/wp\/v2\/types\/product"}],"wp:featuredmedia":[{"embeddable":true,"href":"https:\/\/oplaisirprovencal.fr\/boutique\/wp-json\/wp\/v2\/media\/488"}],"wp:attachment":[{"href":"https:\/\/oplaisirprovencal.fr\/boutique\/wp-json\/wp\/v2\/media?parent=372"}],"wp:term":[{"taxonomy":"product_brand","embeddable":true,"href":"https:\/\/oplaisirprovencal.fr\/boutique\/wp-json\/wp\/v2\/product_brand?post=372"},{"taxonomy":"product_cat","embeddable":true,"href":"https:\/\/oplaisirprovencal.fr\/boutique\/wp-json\/wp\/v2\/product_cat?post=372"},{"taxonomy":"product_tag","embeddable":true,"href":"https:\/\/oplaisirprovencal.fr\/boutique\/wp-json\/wp\/v2\/product_tag?post=372"}],"curies":[{"name":"wp","href":"https:\/\/api.w.org\/{rel}","templated":true}]}}